{"id":962,"date":"2020-09-15T09:51:39","date_gmt":"2020-09-15T09:51:39","guid":{"rendered":"https:\/\/corcanisoul.com\/about\/"},"modified":"2025-04-19T13:51:56","modified_gmt":"2025-04-19T13:51:56","slug":"o-nas","status":"publish","type":"page","link":"https:\/\/corcanisoul.com\/eng\/o-nas\/","title":{"rendered":"About Us"},"content":{"rendered":"<div class=\"wp-block-uagb-container uagb-block-d6924da0 alignfull uagb-is-root-container\"><div class=\"uagb-container-inner-blocks-wrap\">\n<div class=\"wp-block-uagb-advanced-heading uagb-block-efa76908\"><h1 class=\"uagb-heading-text\">About Us<\/h1><\/div>\n<\/div><\/div>\n\n\n\n<div class=\"wp-block-uagb-container uagb-block-872b8b7f alignfull uagb-is-root-container\"><div class=\"uagb-container-inner-blocks-wrap\">\n<h5 class=\"wp-block-heading has-text-align-center\">About Us<\/h5>\n\n\n\n<h2 class=\"wp-block-heading has-text-align-center\">CorcaniSoul Kennel is a small kennel where dogs are part of the family and actively involved in our lives.<\/h2>\n<\/div><\/div>\n\n\n\n<div class=\"wp-block-uagb-container uagb-block-6b4b6689 alignfull uagb-is-root-container\"><div class=\"uagb-container-inner-blocks-wrap\">\n<p class=\"has-text-align-center\">We got our first Labrador in 2021 and immediately fell in love with the breed. From a carefully selected litter, we brought home our Luna (Cito Luna vom Trogenbach), and within a year and a half, we also added Lady (Antonia Lady vom Baronschlossl) and Lucky (Epic Lucky vom Trogenbach). All three are wonderful representatives of their breed, each with their own personality, strengths, and uniqueness. A part of our family is also Luisa, who came to us from a shelter and is not part of our breeding program, but she plays a significant role in our learning about dogs and is a great help in socializing our puppies.<br><br>I, \u017diva Rudolf, am the founder <a href=\"https:\/\/corcanis.si\/\" target=\"_blank\" rel=\"noopener\">of the dog school CorCanis,<\/a> which is based on creating a good and respectful relationship between handler and dog. With constant acquisition of new knowledge in dog training, learning about canine psychology, and body language, we are continually developing and learning together with our dogs. My goal is to ensure that a dog\u2019s needs and instincts are met, to bring peace and relaxation into their lives, and to not suppress their primal nature and uniqueness. I strongly believe in the saying that you should work with the dog in front of you, seeing and accepting them as they are, rather than as you wish them to be. Only in this way can we build an authentic relationship based on cooperation and respect.<br><br>Currently, Lady and I are in the process of training to become a rescue dog and a rescue dog handler at the Slovenian Rescue Dog Association. Since all three are typical retrievers, we\u2019re also working on retrieving. I always incorporate nose work and various mental exercises into our walks and activities. I constantly strive for a balance between exciting activities that fill us with a certain level of positive stress and calming exercises that provide a counterbalance to the former.<br><br>In our kennel, the typical Labrador temperament and the stability of the dog are of great importance, which is why we are committed to appropriately socializing the puppies and exposing them to various stimuli, so they leave us as well-prepared as possible for life in today\u2019s world.<\/p>\n<\/div><\/div>\n\n\n\n<div class=\"wp-block-uagb-container uagb-block-8634f542 alignfull uagb-is-root-container\"><div class=\"uagb-container-inner-blocks-wrap\"><\/div><\/div>\n\n\n\n<div class=\"wp-block-uagb-container uagb-block-8fa6e76a alignfull uagb-is-root-container\"><div class=\"uagb-container-inner-blocks-wrap\">\n<div class=\"wp-block-uagb-container uagb-block-a31d1233\">\n<div class=\"wp-block-uagb-advanced-heading uagb-block-bd1dd0d7\"><h3 class=\"uagb-heading-text\">For more information, please contact us.<\/h3><\/div>\n<\/div>\n\n\n\n<div class=\"wp-block-uagb-container uagb-block-5448a59e\">\n<div class=\"wp-block-uagb-buttons uagb-buttons__outer-wrap uagb-btn__default-btn uagb-btn-tablet__default-btn uagb-btn-mobile__default-btn uagb-block-944d2c28\"><div class=\"uagb-buttons__wrap uagb-buttons-layout-wrap\">\n<div class=\"wp-block-uagb-buttons-child uagb-buttons__outer-wrap uagb-block-2cd603a8 wp-block-button\"><div class=\"uagb-button__wrapper\"><a class=\"uagb-buttons-repeater wp-block-button__link\" aria-label=\"\" href=\"https:\/\/corcanisoul.com\/eng\/kontakt\/\" rel=\"follow noopener\" target=\"_self\" role=\"button\"><div class=\"uagb-button__link\">Contact<\/div><\/a><\/div><\/div>\n<\/div><\/div>\n<\/div>\n<\/div><\/div>","protected":false},"excerpt":{"rendered":"<p>o nas O nas Psarna CorcaniSoul je dru\u017einska psarna, kjer so psi del dru\u017eine in aktivno vpleteni v na\u0161a \u017eivljenja. Prvo labradorko smo dobili leta 2021 in se v pasmo takoj zaljubili. Iz skrbno izbranega legla smo domov pripeljali na\u0161o Luno (Cito Luna vom Trogenbach) nato pa v roku leta in pol \u0161e Lady (Antonia [&hellip;]<\/p>\n","protected":false},"author":1,"featured_media":0,"parent":0,"menu_order":0,"comment_status":"closed","ping_status":"closed","template":"","meta":{"_uag_custom_page_level_css":"","site-sidebar-layout":"no-sidebar","site-content-layout":"plain-container","ast-site-content-layout":"normal-width-container","site-content-style":"unboxed","site-sidebar-style":"unboxed","ast-global-header-display":"","ast-banner-title-visibility":"","ast-main-header-display":"","ast-hfb-above-header-display":"","ast-hfb-below-header-display":"","ast-hfb-mobile-header-display":"","site-post-title":"disabled","ast-breadcrumbs-content":"","ast-featured-img":"disabled","footer-sml-layout":"","ast-disable-related-posts":"","theme-transparent-header-meta":"enabled","adv-header-id-meta":"","stick-header-meta":"","header-above-stick-meta":"","header-main-stick-meta":"","header-below-stick-meta":"","astra-migrate-meta-layouts":"set","ast-page-background-enabled":"default","ast-page-background-meta":{"desktop":{"background-color":"","background-image":"","background-repeat":"repeat","background-position":"center center","background-size":"auto","background-attachment":"scroll","background-type":"","background-media":"","overlay-type":"","overlay-color":"","overlay-opacity":"","overlay-gradient":""},"tablet":{"background-color":"","background-image":"","background-repeat":"repeat","background-position":"center center","background-size":"auto","background-attachment":"scroll","background-type":"","background-media":"","overlay-type":"","overlay-color":"","overlay-opacity":"","overlay-gradient":""},"mobile":{"background-color":"","background-image":"","background-repeat":"repeat","background-position":"center center","background-size":"auto","background-attachment":"scroll","background-type":"","background-media":"","overlay-type":"","overlay-color":"","overlay-opacity":"","overlay-gradient":""}},"ast-content-background-meta":{"desktop":{"background-color":"var(--ast-global-color-5)","background-image":"","background-repeat":"repeat","background-position":"center center","background-size":"auto","background-attachment":"scroll","background-type":"","background-media":"","overlay-type":"","overlay-color":"","overlay-opacity":"","overlay-gradient":""},"tablet":{"background-color":"var(--ast-global-color-5)","background-image":"","background-repeat":"repeat","background-position":"center center","background-size":"auto","background-attachment":"scroll","background-type":"","background-media":"","overlay-type":"","overlay-color":"","overlay-opacity":"","overlay-gradient":""},"mobile":{"background-color":"var(--ast-global-color-5)","background-image":"","background-repeat":"repeat","background-position":"center center","background-size":"auto","background-attachment":"scroll","background-type":"","background-media":"","overlay-type":"","overlay-color":"","overlay-opacity":"","overlay-gradient":""}},"footnotes":""},"class_list":["post-962","page","type-page","status-publish","hentry"],"uagb_featured_image_src":{"full":false,"thumbnail":false,"medium":false,"medium_large":false,"large":false,"1536x1536":false,"2048x2048":false,"trp-custom-language-flag":false},"uagb_author_info":{"display_name":"PsarnaZiva12","author_link":"https:\/\/corcanisoul.com\/eng\/author\/psarnaziva12\/"},"uagb_comment_info":0,"uagb_excerpt":"o nas O nas Psarna CorcaniSoul je dru\u017einska psarna, kjer so psi del dru\u017eine in aktivno vpleteni v na\u0161a \u017eivljenja. Prvo labradorko smo dobili leta 2021 in se v pasmo takoj zaljubili. Iz skrbno izbranega legla smo domov pripeljali na\u0161o Luno (Cito Luna vom Trogenbach) nato pa v roku leta in pol \u0161e Lady (Antonia&hellip;","_links":{"self":[{"href":"https:\/\/corcanisoul.com\/eng\/wp-json\/wp\/v2\/pages\/962","targetHints":{"allow":["GET"]}}],"collection":[{"href":"https:\/\/corcanisoul.com\/eng\/wp-json\/wp\/v2\/pages"}],"about":[{"href":"https:\/\/corcanisoul.com\/eng\/wp-json\/wp\/v2\/types\/page"}],"author":[{"embeddable":true,"href":"https:\/\/corcanisoul.com\/eng\/wp-json\/wp\/v2\/users\/1"}],"replies":[{"embeddable":true,"href":"https:\/\/corcanisoul.com\/eng\/wp-json\/wp\/v2\/comments?post=962"}],"version-history":[{"count":24,"href":"https:\/\/corcanisoul.com\/eng\/wp-json\/wp\/v2\/pages\/962\/revisions"}],"predecessor-version":[{"id":2150,"href":"https:\/\/corcanisoul.com\/eng\/wp-json\/wp\/v2\/pages\/962\/revisions\/2150"}],"wp:attachment":[{"href":"https:\/\/corcanisoul.com\/eng\/wp-json\/wp\/v2\/media?parent=962"}],"curies":[{"name":"wp","href":"https:\/\/api.w.org\/{rel}","templated":true}]}}